{"id":162,"date":"2024-03-20T20:30:22","date_gmt":"2024-03-20T19:30:22","guid":{"rendered":"https:\/\/030483.nwagner.pl\/?page_id=162"},"modified":"2024-04-14T14:05:28","modified_gmt":"2024-04-14T12:05:28","slug":"najczestsze-pytania-faq","status":"publish","type":"page","link":"https:\/\/skrzat.info.pl\/?page_id=162","title":{"rendered":"Najcz\u0119stsze pytania (FAQ)"},"content":{"rendered":"<p>[et_pb_section fb_built=&#8221;1&#8243; _builder_version=&#8221;4.24.3&#8243; _module_preset=&#8221;default&#8221; background_color=&#8221;#F6F0E7&#8243; background_image=&#8221;https:\/\/skrzat.info.pl\/wp-content\/uploads\/2024\/04\/itled-design-2024-04-08t115027-693.webp&#8221; global_colors_info=&#8221;{}&#8221;][et_pb_row _builder_version=&#8221;4.24.2&#8243; _module_preset=&#8221;default&#8221; global_colors_info=&#8221;{}&#8221;][et_pb_column type=&#8221;4_4&#8243; _builder_version=&#8221;4.24.2&#8243; _module_preset=&#8221;default&#8221; global_colors_info=&#8221;{}&#8221;][et_pb_heading title=&#8221;Najcz\u0119\u015bciej zadawane pytania (FAQ)&#8221; _builder_version=&#8221;4.24.2&#8243; _module_preset=&#8221;default&#8221; title_font=&#8221;|700|||||||&#8221; title_text_align=&#8221;center&#8221; title_font_size=&#8221;40px&#8221; global_colors_info=&#8221;{}&#8221;][\/et_pb_heading][et_pb_accordion open_toggle_text_color=&#8221;#666666&#8243; open_toggle_background_color=&#8221;#FAFAFA&#8221; closed_toggle_text_color=&#8221;#FAFAFA&#8221; closed_toggle_background_color=&#8221;#B0CAC2&#8243; toggle_icon=&#8221;&#x74;||divi||400&#8243; icon_color=&#8221;#FAFAFA&#8221; use_icon_font_size=&#8221;on&#8221; icon_font_size=&#8221;19px&#8221; _builder_version=&#8221;4.24.3&#8243; _module_preset=&#8221;default&#8221; toggle_text_color=&#8221;#666666&#8243; toggle_font=&#8221;|800||on|||||&#8221; hover_enabled=&#8221;0&#8243; border_radii=&#8221;on|15px|15px|15px|15px&#8221; global_colors_info=&#8221;{}&#8221; sticky_enabled=&#8221;0&#8243;][et_pb_accordion_item title=&#8221;Jakie s\u0105 kryteria przyj\u0119cia?&#8221; open=&#8221;on&#8221; _builder_version=&#8221;4.24.3&#8243; _module_preset=&#8221;default&#8221; hover_enabled=&#8221;0&#8243; global_colors_info=&#8221;{}&#8221; sticky_enabled=&#8221;0&#8243;]<\/p>\n<p>Przyj\u0119cia s\u0105 oparte na kolejno\u015bci zg\u0142osze\u0144, wieku dziecka, a czasem na potrzebach edukacyjnych lub lokalizacji.<\/p>\n<p>[\/et_pb_accordion_item][et_pb_accordion_item title=&#8221;Jakie s\u0105 ca\u0142kowite op\u0142aty?&#8221; _builder_version=&#8221;4.24.3&#8243; _module_preset=&#8221;default&#8221; hover_enabled=&#8221;0&#8243; sticky_enabled=&#8221;0&#8243;]<\/p>\n<p>Miesi\u0119czne op\u0142aty zale\u017c\u0105 od wieku (\u017c\u0142obek \/ przedszkole) i programu ( podstawowy \/ specjalistyczny). Dodatkowe op\u0142aty wyst\u0119puj\u0105 za posi\u0142ki i zaj\u0119cia dodatkowe.<\/p>\n<p>[\/et_pb_accordion_item][et_pb_accordion_item title=&#8221;Jak wygl\u0105da typowy dzie\u0144 w plac\u00f3wce? &#8221; _builder_version=&#8221;4.24.3&#8243; _module_preset=&#8221;default&#8221; hover_enabled=&#8221;0&#8243; sticky_enabled=&#8221;0&#8243;]<\/p>\n<p>Dzieci maj\u0105 zaplanowane aktywno\u015bci wszechstronno &#8211; edukacyjne, zabaw\u0119 na \u015bwie\u017cym powietrzu, czas na posi\u0142ki i drzemk\u0119.<\/p>\n<p>[\/et_pb_accordion_item][et_pb_accordion_item title=&#8221;Jakie ma kwalifikacje personel?&#8221; _builder_version=&#8221;4.24.3&#8243; _module_preset=&#8221;default&#8221; hover_enabled=&#8221;0&#8243; sticky_enabled=&#8221;0&#8243;]<\/p>\n<p>Opiekunowie, specjali\u015bci maj\u0105 wykszta\u0142cenie i certyfikaty zwi\u0105zane z wczesn\u0105 edukacj\u0105 lub opiek\u0105 nad dzie\u0107mi, tudzie\u017c s\u0105 specjalistami w konkretnych dziedzinach.<\/p>\n<p>[\/et_pb_accordion_item][et_pb_accordion_item title=&#8221;Jaki charakter maj\u0105 posi\u0142ki?&#8221; _builder_version=&#8221;4.24.3&#8243; _module_preset=&#8221;default&#8221; hover_enabled=&#8221;0&#8243; sticky_enabled=&#8221;0&#8243;]<\/p>\n<p>Przedszkole\/\u017c\u0142obek oferuje zbilansowane posi\u0142ki przygotowane zgodnie z zasadami zdrowego \u017cywienia.<\/p>\n<p>[\/et_pb_accordion_item][et_pb_accordion_item title=&#8221;Co z dzie\u0107mi maj\u0105cymi alergi\u0119 pokarmow\u0105?&#8221; _builder_version=&#8221;4.24.3&#8243; _module_preset=&#8221;default&#8221; hover_enabled=&#8221;0&#8243; sticky_enabled=&#8221;0&#8243;]<\/p>\n<p>Plac\u00f3wka stosuje indywidualne podej\u015bcie do alergii, eliminuj\u0105c alergeny z diety dziecka.<\/p>\n<p>[\/et_pb_accordion_item][et_pb_accordion_item title=&#8221;Czy dziecko id\u0105ce do przedszkola musi by\u0107 odpieluchowane?&#8221; _builder_version=&#8221;4.24.3&#8243; _module_preset=&#8221;default&#8221; hover_enabled=&#8221;0&#8243; sticky_enabled=&#8221;0&#8243;]<\/p>\n<p>Tak. Powinno by\u0107 ju\u017c odpieluchowane. Jednak\u017ce sprawy te s\u0105 rozpatrywane indywidualnie.<\/p>\n<p>[\/et_pb_accordion_item][et_pb_accordion_item title=&#8221;Kto mo\u017ce odebra\u0107 dziecko z plac\u00f3wki?&#8221; _builder_version=&#8221;4.24.3&#8243; _module_preset=&#8221;default&#8221; hover_enabled=&#8221;0&#8243; sticky_enabled=&#8221;0&#8243;]<\/p>\n<p>Rodzice lub osoby, kt\u00f3re zosta\u0142y wcze\u015bniej upowa\u017cnione przez rodzic\u00f3w, poprzez dostarczenie oficjalnego pisma, mog\u0105 odbiera\u0107 dziecko z plac\u00f3wki.<\/p>\n<p>[\/et_pb_accordion_item][et_pb_accordion_item title=&#8221;Jakie s\u0105 procedury bezpiecze\u0144stwa w plac\u00f3wce?&#8221; _builder_version=&#8221;4.24.3&#8243; _module_preset=&#8221;default&#8221; hover_enabled=&#8221;0&#8243; sticky_enabled=&#8221;0&#8243;]<\/p>\n<p>S\u0105 stosowane \u015brodki zapewniaj\u0105ce bezpiecze\u0144stwo dzieci, w tym kontrola dost\u0119pu, i szkolenia z pierwszej pomocy, oraz specjalistyczne szkolenie przy zad\u0142awieniach. Plac\u00f3wka wyposa\u017cona jest w specjaln\u0105 mask\u0119, kt\u00f3ra stanowi wa\u017cne narz\u0119dzie przy prowadzeniu procedur ratunkowych.<\/p>\n<p>[\/et_pb_accordion_item][et_pb_accordion_item title=&#8221;Jaka jest komunikacja z rodzicami?&#8221; _builder_version=&#8221;4.24.3&#8243; _module_preset=&#8221;default&#8221; hover_enabled=&#8221;0&#8243; sticky_enabled=&#8221;0&#8243;]<\/p>\n<p>Plac\u00f3wka utrzymuje kontakt z rodzicami za pomoc\u0105 aplikacji, e-maili, kontaktu telefonicznego lub spotka.<\/p>\n<p>[\/et_pb_accordion_item][et_pb_accordion_item title=&#8221;Jakie s\u0105 zasady dotycz\u0105ce chor\u00f3b?&#8221; _builder_version=&#8221;4.24.3&#8243; _module_preset=&#8221;default&#8221; hover_enabled=&#8221;0&#8243; sticky_enabled=&#8221;0&#8243;]<\/p>\n<p>Dziecko z objawami choroby zdecydowanie powinno pozosta\u0107 w domu, aby zapobiec rozprzestrzenianiu si\u0119 zaka\u017ce\u0144. R\u00f3wnie\u017c rodzic powinien poinformowa\u0107 plac\u00f3wk\u0119 o wyst\u0105pieniu konkretnej jednostki chorobowej.<\/p>\n<p>[\/et_pb_accordion_item][et_pb_accordion_item title=&#8221;Jakie s\u0105 procedury w sytuacjach kryzysowych?&#8221; _builder_version=&#8221;4.24.3&#8243; _module_preset=&#8221;default&#8221; hover_enabled=&#8221;0&#8243; sticky_enabled=&#8221;0&#8243;]<\/p>\n<p>Plac\u00f3wka ma opracowany plan ewakuacji i post\u0119powania w sytuacjach awaryjnych, regularnie przeprowadzane s\u0105 \u0107wiczenia.<\/p>\n<p>[\/et_pb_accordion_item][\/et_pb_accordion][\/et_pb_column][\/et_pb_row][\/et_pb_section]<\/p>\n","protected":false},"excerpt":{"rendered":"<p>Przyj\u0119cia s\u0105 oparte na kolejno\u015bci zg\u0142osze\u0144, wieku dziecka, a czasem na potrzebach edukacyjnych lub lokalizacji.Miesi\u0119czne op\u0142aty zale\u017c\u0105 od wieku (\u017c\u0142obek \/ przedszkole) i programu ( podstawowy \/ specjalistyczny). Dodatkowe op\u0142aty wyst\u0119puj\u0105 za posi\u0142ki i zaj\u0119cia dodatkowe.Dzieci maj\u0105 zaplanowane aktywno\u015bci wszechstronno &#8211; edukacyjne, zabaw\u0119 na \u015bwie\u017cym powietrzu, czas na posi\u0142ki i drzemk\u0119.Opiekunowie, specjali\u015bci maj\u0105 wykszta\u0142cenie i [&hellip;]<\/p>\n","protected":false},"author":1,"featured_media":0,"parent":143,"menu_order":0,"comment_status":"closed","ping_status":"closed","template":"","meta":{"_et_pb_use_builder":"on","_et_pb_old_content":"","_et_gb_content_width":"","footnotes":""},"class_list":["post-162","page","type-page","status-publish","hentry"],"_links":{"self":[{"href":"https:\/\/skrzat.info.pl\/index.php?rest_route=\/wp\/v2\/pages\/162","targetHints":{"allow":["GET"]}}],"collection":[{"href":"https:\/\/skrzat.info.pl\/index.php?rest_route=\/wp\/v2\/pages"}],"about":[{"href":"https:\/\/skrzat.info.pl\/index.php?rest_route=\/wp\/v2\/types\/page"}],"author":[{"embeddable":true,"href":"https:\/\/skrzat.info.pl\/index.php?rest_route=\/wp\/v2\/users\/1"}],"replies":[{"embeddable":true,"href":"https:\/\/skrzat.info.pl\/index.php?rest_route=%2Fwp%2Fv2%2Fcomments&post=162"}],"version-history":[{"count":13,"href":"https:\/\/skrzat.info.pl\/index.php?rest_route=\/wp\/v2\/pages\/162\/revisions"}],"predecessor-version":[{"id":423,"href":"https:\/\/skrzat.info.pl\/index.php?rest_route=\/wp\/v2\/pages\/162\/revisions\/423"}],"up":[{"embeddable":true,"href":"https:\/\/skrzat.info.pl\/index.php?rest_route=\/wp\/v2\/pages\/143"}],"wp:attachment":[{"href":"https:\/\/skrzat.info.pl\/index.php?rest_route=%2Fwp%2Fv2%2Fmedia&parent=162"}],"curies":[{"name":"wp","href":"https:\/\/api.w.org\/{rel}","templated":true}]}}

Najczęstsze pytania (FAQ)

<p>[et_pb_section fb_built=&#8221;1&#8243; _builder_version=&#8221;4.24.3&#8243; _module_preset=&#8221;default&#8221; background_color=&#8221;#F6F0E7&#8243; background_image=&#8221;https://skrzat.info.pl/wp-content/uploads/2024/04/itled-design-2024-04-08t115027-693.webp&#8221; global_colors_info=&#8221;{}&#8221;][et_pb_row _builder_version=&#8221;4.24.2&#8243; _module_preset=&#8221;default&#8221; global_colors_info=&#8221;{}&#8221;][et_pb_column type=&#8221;4_4&#8243; _builder_version=&#8221;4.24.2&#8243; _module_preset=&#8221;default&#8221; global_colors_info=&#8221;{}&#8221;][et_pb_heading title=&#8221;Najczęściej zadawane pytania (FAQ)&#8221; _builder_version=&#8221;4.24.2&#8243; _module_preset=&#8221;default&#8221; title_font=&#8221;|700|||||||&#8221; title_text_align=&#8221;center&#8221; title_font_size=&#8221;40px&#8221; global_colors_info=&#8221;{}&#8221;][/et_pb_heading][et_pb_accordion open_toggle_text_color=&#8221;#666666&#8243; open_toggle_background_color=&#8221;#FAFAFA&#8221; closed_toggle_text_color=&#8221;#FAFAFA&#8221; closed_toggle_background_color=&#8221;#B0CAC2&#8243; toggle_icon=&#8221;&#x74;||divi||400&#8243; icon_color=&#8221;#FAFAFA&#8221; use_icon_font_size=&#8221;on&#8221; icon_font_size=&#8221;19px&#8221; _builder_version=&#8221;4.24.3&#8243; _module_preset=&#8221;default&#8221; toggle_text_color=&#8221;#666666&#8243; toggle_font=&#8221;|800||on|||||&#8221; hover_enabled=&#8221;0&#8243; border_radii=&#8221;on|15px|15px|15px|15px&#8221; global_colors_info=&#8221;{}&#8221; sticky_enabled=&#8221;0&#8243;][et_pb_accordion_item title=&#8221;Jakie są kryteria przyjęcia?&#8221; open=&#8221;on&#8221; _builder_version=&#8221;4.24.3&#8243; _module_preset=&#8221;default&#8221; hover_enabled=&#8221;0&#8243; global_colors_info=&#8221;{}&#8221; sticky_enabled=&#8221;0&#8243;]</p>
<p>Przyjęcia są oparte na kolejności zgłoszeń, wieku dziecka, a czasem na potrzebach edukacyjnych lub lokalizacji.</p>
<p>[/et_pb_accordion_item][et_pb_accordion_item title=&#8221;Jakie są całkowite opłaty?&#8221; _builder_version=&#8221;4.24.3&#8243; _module_preset=&#8221;default&#8221; hover_enabled=&#8221;0&#8243; sticky_enabled=&#8221;0&#8243;]</p>
<p>Miesięczne opłaty zależą od wieku (żłobek / przedszkole) i programu ( podstawowy / specjalistyczny). Dodatkowe opłaty występują za posiłki i zajęcia dodatkowe.</p>
<p>[/et_pb_accordion_item][et_pb_accordion_item title=&#8221;Jak wygląda typowy dzień w placówce? &#8221; _builder_version=&#8221;4.24.3&#8243; _module_preset=&#8221;default&#8221; hover_enabled=&#8221;0&#8243; sticky_enabled=&#8221;0&#8243;]</p>
<p>Dzieci mają zaplanowane aktywności wszechstronno &#8211; edukacyjne, zabawę na świeżym powietrzu, czas na posiłki i drzemkę.</p>
<p>[/et_pb_accordion_item][et_pb_accordion_item title=&#8221;Jakie ma kwalifikacje personel?&#8221; _builder_version=&#8221;4.24.3&#8243; _module_preset=&#8221;default&#8221; hover_enabled=&#8221;0&#8243; sticky_enabled=&#8221;0&#8243;]</p>
<p>Opiekunowie, specjaliści mają wykształcenie i certyfikaty związane z wczesną edukacją lub opieką nad dziećmi, tudzież są specjalistami w konkretnych dziedzinach.</p>
<p>[/et_pb_accordion_item][et_pb_accordion_item title=&#8221;Jaki charakter mają posiłki?&#8221; _builder_version=&#8221;4.24.3&#8243; _module_preset=&#8221;default&#8221; hover_enabled=&#8221;0&#8243; sticky_enabled=&#8221;0&#8243;]</p>
<p>Przedszkole/żłobek oferuje zbilansowane posiłki przygotowane zgodnie z zasadami zdrowego żywienia.</p>
<p>[/et_pb_accordion_item][et_pb_accordion_item title=&#8221;Co z dziećmi mającymi alergię pokarmową?&#8221; _builder_version=&#8221;4.24.3&#8243; _module_preset=&#8221;default&#8221; hover_enabled=&#8221;0&#8243; sticky_enabled=&#8221;0&#8243;]</p>
<p>Placówka stosuje indywidualne podejście do alergii, eliminując alergeny z diety dziecka.</p>
<p>[/et_pb_accordion_item][et_pb_accordion_item title=&#8221;Czy dziecko idące do przedszkola musi być odpieluchowane?&#8221; _builder_version=&#8221;4.24.3&#8243; _module_preset=&#8221;default&#8221; hover_enabled=&#8221;0&#8243; sticky_enabled=&#8221;0&#8243;]</p>
<p>Tak. Powinno być już odpieluchowane. Jednakże sprawy te są rozpatrywane indywidualnie.</p>
<p>[/et_pb_accordion_item][et_pb_accordion_item title=&#8221;Kto może odebrać dziecko z placówki?&#8221; _builder_version=&#8221;4.24.3&#8243; _module_preset=&#8221;default&#8221; hover_enabled=&#8221;0&#8243; sticky_enabled=&#8221;0&#8243;]</p>
<p>Rodzice lub osoby, które zostały wcześniej upoważnione przez rodziców, poprzez dostarczenie oficjalnego pisma, mogą odbierać dziecko z placówki.</p>
<p>[/et_pb_accordion_item][et_pb_accordion_item title=&#8221;Jakie są procedury bezpieczeństwa w placówce?&#8221; _builder_version=&#8221;4.24.3&#8243; _module_preset=&#8221;default&#8221; hover_enabled=&#8221;0&#8243; sticky_enabled=&#8221;0&#8243;]</p>
<p>Są stosowane środki zapewniające bezpieczeństwo dzieci, w tym kontrola dostępu, i szkolenia z pierwszej pomocy, oraz specjalistyczne szkolenie przy zadławieniach. Placówka wyposażona jest w specjalną maskę, która stanowi ważne narzędzie przy prowadzeniu procedur ratunkowych.</p>
<p>[/et_pb_accordion_item][et_pb_accordion_item title=&#8221;Jaka jest komunikacja z rodzicami?&#8221; _builder_version=&#8221;4.24.3&#8243; _module_preset=&#8221;default&#8221; hover_enabled=&#8221;0&#8243; sticky_enabled=&#8221;0&#8243;]</p>
<p>Placówka utrzymuje kontakt z rodzicami za pomocą aplikacji, e-maili, kontaktu telefonicznego lub spotka.</p>
<p>[/et_pb_accordion_item][et_pb_accordion_item title=&#8221;Jakie są zasady dotyczące chorób?&#8221; _builder_version=&#8221;4.24.3&#8243; _module_preset=&#8221;default&#8221; hover_enabled=&#8221;0&#8243; sticky_enabled=&#8221;0&#8243;]</p>
<p>Dziecko z objawami choroby zdecydowanie powinno pozostać w domu, aby zapobiec rozprzestrzenianiu się zakażeń. Również rodzic powinien poinformować placówkę o wystąpieniu konkretnej jednostki chorobowej.</p>
<p>[/et_pb_accordion_item][et_pb_accordion_item title=&#8221;Jakie są procedury w sytuacjach kryzysowych?&#8221; _builder_version=&#8221;4.24.3&#8243; _module_preset=&#8221;default&#8221; hover_enabled=&#8221;0&#8243; sticky_enabled=&#8221;0&#8243;]</p>
<p>Placówka ma opracowany plan ewakuacji i postępowania w sytuacjach awaryjnych, regularnie przeprowadzane są ćwiczenia.</p>
<p>[/et_pb_accordion_item][/et_pb_accordion][/et_pb_column][/et_pb_row][/et_pb_section]</p>

<p>Przyjęcia są oparte na kolejności zgłoszeń, wieku dziecka, a czasem na potrzebach edukacyjnych lub lokalizacji.Miesięczne opłaty zależą od wieku (żłobek / przedszkole) i programu ( podstawowy / specjalistyczny). Dodatkowe opłaty występują za posiłki i zajęcia dodatkowe.Dzieci mają zaplanowane aktywności wszechstronno &#8211; edukacyjne, zabawę na świeżym powietrzu, czas na posiłki i drzemkę.Opiekunowie, specjaliści mają wykształcenie i [&hellip;]</p>
