{"id":435,"date":"2024-04-14T15:02:03","date_gmt":"2024-04-14T13:02:03","guid":{"rendered":"https:\/\/skrzat.info.pl\/?page_id=435"},"modified":"2026-04-13T08:33:38","modified_gmt":"2026-04-13T06:33:38","slug":"oplaty","status":"publish","type":"page","link":"https:\/\/skrzat.info.pl\/?page_id=435","title":{"rendered":"Op\u0142aty"},"content":{"rendered":"<p>[et_pb_section fb_built=&#8221;1&#8243; _builder_version=&#8221;4.24.3&#8243; _module_preset=&#8221;default&#8221; background_color=&#8221;#F6F0E7&#8243; background_image=&#8221;https:\/\/skrzat.info.pl\/wp-content\/uploads\/2024\/04\/untitled-design-98.webp&#8221; global_colors_info=&#8221;{}&#8221;][et_pb_row _builder_version=&#8221;4.24.3&#8243; _module_preset=&#8221;default&#8221; global_colors_info=&#8221;{}&#8221;][et_pb_column type=&#8221;4_4&#8243; _builder_version=&#8221;4.24.3&#8243; _module_preset=&#8221;default&#8221; global_colors_info=&#8221;{}&#8221;][et_pb_text _builder_version=&#8221;4.24.3&#8243; _module_preset=&#8221;default&#8221; global_colors_info=&#8221;{}&#8221;]<\/p>\n<p style=\"text-align: center;\"><strong>Dodatkowe koszty wyprawki zale\u017cne od przedzia\u0142u wiekowego<\/strong><\/p>\n<p>[\/et_pb_text][\/et_pb_column][\/et_pb_row][et_pb_row column_structure=&#8221;1_2,1_2&#8243; _builder_version=&#8221;4.24.3&#8243; _module_preset=&#8221;default&#8221; hover_enabled=&#8221;0&#8243; global_colors_info=&#8221;{}&#8221; sticky_enabled=&#8221;0&#8243;][et_pb_column type=&#8221;1_2&#8243; _builder_version=&#8221;4.24.3&#8243; _module_preset=&#8221;default&#8221; global_colors_info=&#8221;{}&#8221;][et_pb_blurb title=&#8221;\u017b\u0141OBEK&#8221; use_icon=&#8221;on&#8221; font_icon=&#8221;&#xf77c;||fa||900&#8243; icon_color=&#8221;#F08381&#8243; _builder_version=&#8221;4.24.3&#8243; _module_preset=&#8221;default&#8221; header_font=&#8221;|700|||||||&#8221; text_orientation=&#8221;center&#8221; global_colors_info=&#8221;{}&#8221;]<\/p>\n<p>Wpisowe: 450 z\u0142<\/p>\n<p>Ekwipunek roczny: 300z\u0142 (30z\u0142-miesi\u0119cznie)<\/p>\n<p>Czesne:<\/p>\n<p><span class=\"s1\">1. Op\u0142ata 2050 z\u0142 \u2013<\/span><\/p>\n<p>Dzienna stawka \u017cywieniowa: 21 PLN<\/p>\n<p>Dzienna stawka \u017cywieniowa specjalistyczna:<\/p>\n<p>23,50PLN<\/p>\n<p>[\/et_pb_blurb][\/et_pb_column][et_pb_column type=&#8221;1_2&#8243; _builder_version=&#8221;4.24.3&#8243; _module_preset=&#8221;default&#8221; global_colors_info=&#8221;{}&#8221;][et_pb_blurb title=&#8221;PRZEDSZKOLE&#8221; use_icon=&#8221;on&#8221; font_icon=&#8221;&#xf1ae;||fa||900&#8243; icon_color=&#8221;#F08381&#8243; _builder_version=&#8221;4.24.3&#8243; _module_preset=&#8221;default&#8221; header_font=&#8221;|700|||||||&#8221; text_orientation=&#8221;center&#8221; global_colors_info=&#8221;{}&#8221;]<\/p>\n<p>Wpisowe: 450 PLN<\/p>\n<p>Czesne: 1050 PLN<\/p>\n<p><span style=\"font-size: 14px;\">Ekwipunek <\/span><span style=\"font-size: 14px;\">roczny: 300z\u0142 (30z\u0142-miesi\u0119cznie)<\/span><\/p>\n<p>Dzienna stawka \u017cywieniowa: 23 PLN<\/p>\n<p>Dzienna stawka \u017cywieniowa &#8211; specjalistyczna: 25,50 PLN<\/p>\n<p>[\/et_pb_blurb][\/et_pb_column][\/et_pb_row][et_pb_row _builder_version=&#8221;4.24.3&#8243; _module_preset=&#8221;default&#8221; global_colors_info=&#8221;{}&#8221;][et_pb_column type=&#8221;4_4&#8243; _builder_version=&#8221;4.24.3&#8243; _module_preset=&#8221;default&#8221; global_colors_info=&#8221;{}&#8221;][et_pb_text _builder_version=&#8221;4.24.3&#8243; _module_preset=&#8221;default&#8221; global_colors_info=&#8221;{}&#8221;]<\/p>\n<p>Istniej\u0105 r\u00f3\u017cne formy dofinansowa\u0144 t.j.:<\/p>\n<p style=\"padding-left: 40px;\">1. Dofinansowanie pobytu w \u017c\u0142obku &#8211; ZUS &#8211; <a href=\"https:\/\/www.zus.pl\/-\/dofinansowanie-pobytu-w-zlobku\">https:\/\/www.zus.pl\/-\/dofinansowanie-pobytu-w-zlobku<\/a><\/p>\n<p style=\"padding-left: 40px;\">\n<p><strong>Oferujemy r\u00f3wnie\u017c 10% rabatu na drugie dziecko.<\/strong><\/p>\n<p>[\/et_pb_text][\/et_pb_column][\/et_pb_row][et_pb_row column_structure=&#8221;1_2,1_2&#8243; _builder_version=&#8221;4.24.3&#8243; _module_preset=&#8221;default&#8221; global_colors_info=&#8221;{}&#8221;][et_pb_column type=&#8221;1_2&#8243; _builder_version=&#8221;4.24.3&#8243; _module_preset=&#8221;default&#8221; global_colors_info=&#8221;{}&#8221;][et_pb_text _builder_version=&#8221;4.24.3&#8243; _module_preset=&#8221;default&#8221; header_font=&#8221;|700||on|||||&#8221; header_3_font=&#8221;|700||on|||||&#8221; global_colors_info=&#8221;{}&#8221;]<\/p>\n<h3>Podstawowy modu\u0142 kszta\u0142cenia<\/h3>\n<ul>\n<li>GIMNASTYKA KOREKCYJNO &#8211; KOMPENSACYJNA,<\/li>\n<li>FIZJOTERAPIA- BADANIA PRZESIEWOWE<\/li>\n<li>LOGOPEDIA- BADANIA PRZESIEWOWE, TERAPIA W PARACH<\/li>\n<li>PSYCHOLOG DZIECI\u0118CY<\/li>\n<li>ANGIELSKI<\/li>\n<li>TANIEC INTUICYJNY\u00a0<\/li>\n<li>ZUMBA\/ZUMBINI<\/li>\n<li>TUS<\/li>\n<\/ul>\n<p>[\/et_pb_text][\/et_pb_column][et_pb_column type=&#8221;1_2&#8243; _builder_version=&#8221;4.24.3&#8243; _module_preset=&#8221;default&#8221; global_colors_info=&#8221;{}&#8221;][et_pb_text _builder_version=&#8221;4.24.3&#8243; _module_preset=&#8221;default&#8221; header_font=&#8221;|700||on|||||&#8221; header_3_font=&#8221;|700||on|||||&#8221; global_colors_info=&#8221;{}&#8221;]<\/p>\n<h3>Specjalistyczny modu\u0142 kszta\u0142cenia<\/h3>\n<ul>\n<li>FIZJOTERAPIA SPECJALISTYCZN\u0104 METOD\u0104 FITS &#8211; TERAPIA PERSONALNA<\/li>\n<li>SI &#8211; INTEGRACJA SENSORYCZNA &#8211; TERAPIA PERSONALNA<\/li>\n<li>INDYWIDUALNE ZAJ\u0118CIA BALETU &#8211; TA\u0143CA KLASYCZNEGO<\/li>\n<li>PSYCHOLOG DZIECI\u0118CY- TERAPIA PERSONALNA<\/li>\n<li>LOGOPEDIA &#8211; TERAPIA PERSONALNA<\/li>\n<li>ACRO DANCE<\/li>\n<li>JUDO<\/li>\n<li>PI\u0141KA NO\u017bNA<\/li>\n<li>MAKRAMA &#8211; SZNURKI<\/li>\n<li>TUS<\/li>\n<\/ul>\n<p>[\/et_pb_text][\/et_pb_column][\/et_pb_row][\/et_pb_section]<\/p>\n","protected":false},"excerpt":{"rendered":"<p>Dodatkowe koszty wyprawki zale\u017cne od przedzia\u0142u wiekowegoWpisowe: 450 z\u0142 Ekwipunek roczny: 300z\u0142 (30z\u0142-miesi\u0119cznie) Czesne: 1. Op\u0142ata 2050 z\u0142 \u2013 Dzienna stawka \u017cywieniowa: 21 PLN Dzienna stawka \u017cywieniowa specjalistyczna: 23,50PLNWpisowe: 450 PLN Czesne: 1050 PLN Ekwipunek roczny: 300z\u0142 (30z\u0142-miesi\u0119cznie) Dzienna stawka \u017cywieniowa: 23 PLN Dzienna stawka \u017cywieniowa &#8211; specjalistyczna: 25,50 PLNIstniej\u0105 r\u00f3\u017cne formy dofinansowa\u0144 t.j.: 1. [&hellip;]<\/p>\n","protected":false},"author":1,"featured_media":0,"parent":143,"menu_order":0,"comment_status":"closed","ping_status":"closed","template":"","meta":{"_et_pb_use_builder":"on","_et_pb_old_content":"","_et_gb_content_width":"","footnotes":""},"class_list":["post-435","page","type-page","status-publish","hentry"],"_links":{"self":[{"href":"https:\/\/skrzat.info.pl\/index.php?rest_route=\/wp\/v2\/pages\/435","targetHints":{"allow":["GET"]}}],"collection":[{"href":"https:\/\/skrzat.info.pl\/index.php?rest_route=\/wp\/v2\/pages"}],"about":[{"href":"https:\/\/skrzat.info.pl\/index.php?rest_route=\/wp\/v2\/types\/page"}],"author":[{"embeddable":true,"href":"https:\/\/skrzat.info.pl\/index.php?rest_route=\/wp\/v2\/users\/1"}],"replies":[{"embeddable":true,"href":"https:\/\/skrzat.info.pl\/index.php?rest_route=%2Fwp%2Fv2%2Fcomments&post=435"}],"version-history":[{"count":19,"href":"https:\/\/skrzat.info.pl\/index.php?rest_route=\/wp\/v2\/pages\/435\/revisions"}],"predecessor-version":[{"id":3011,"href":"https:\/\/skrzat.info.pl\/index.php?rest_route=\/wp\/v2\/pages\/435\/revisions\/3011"}],"up":[{"embeddable":true,"href":"https:\/\/skrzat.info.pl\/index.php?rest_route=\/wp\/v2\/pages\/143"}],"wp:attachment":[{"href":"https:\/\/skrzat.info.pl\/index.php?rest_route=%2Fwp%2Fv2%2Fmedia&parent=435"}],"curies":[{"name":"wp","href":"https:\/\/api.w.org\/{rel}","templated":true}]}}